37
Let l = 140603 - 71317. What are the prime factors of l?
2, 7, 101
Let m(o) = 168*o + 282. Let d be m(7). Suppose 4*v = -16, -2*w + 428 = 5*v - d. List the prime factors of w.
953
Let n = 62712 - 31578. List the prime factors of n.
2, 3, 5189
Let p be (-1150)/(-4) - (1 - (-3)/(-6)). Suppose -233 - p = -8*v. List the prime factors of v.
5, 13
Suppose -2*z + 14 = -4*m - 0, z = -3*m + 22. Suppose 10*f = -4*a + 7*f - 13, -2*a + 5*f = z. List the prime factors of (12/(-8))/(a/248).
3, 31
Let j = 1061 + 29634. List the prime factors of j.
5, 7, 877
Let x(h) = -14*h**3 - h**2 + 4*h + 20. Let p = 688 + -693. List the prime factors of x(p).
3, 5, 23
Let g be (637/(-539) - 4/(-22)) + 3. Let q(m) = -4*m + 4 + m**2 - m + 8*m**3 + 6*m - 4*m. What are the prime factors of q(g)?
2, 3, 11
Let u be 1243 - 9 - (-2*3)/(-2). Suppose 0 = 3*w - 1112 - u. What are the prime factors of w?
11, 71
Let c(b) = -b - 38. Let s(d) = -d. Let z(t) = -2*c(t) + 6*s(t). What are the prime factors of z(-27)?
2, 23
Let d(t) = -3107*t - 1853. What are the prime factors of d(-9)?
2, 5, 7, 373
Let s(b) = 39*b + 34. Let p be s(14). Let g = -208 + p. Suppose 2*n + 10 = -3*n, 2*t + 2*n = g. List the prime factors of t.
2, 47
Suppose 5*o + a - 290 = 0, 3*o + 0*o - 2*a - 161 = 0. Let l = -81 + o. Let w = l + 209. List the prime factors of w.
5, 37
Let f(i) = -4*i**2 - 17*i + 21. Let r be f(-8). Let l = r + 539. List the prime factors of l.
2, 5, 11
Suppose 29 = 2*t - 0*g - g, 4*t - 37 = -5*g. Let d = t + -16. Let o(j) = 3*j**2 - 2*j - 5. What are the prime factors of o(d)?
2, 7
What are the prime factors of 10361 - 13/((-130)/90)?
2, 5, 17, 61
Suppose 40*x - 42*x = -s + 36725, 2*s - 73482 = -4*x. List the prime factors of s.
109, 337
Suppose 0 = -4*o + 12648 - 1468. What are the prime factors of o?
5, 13, 43
Suppose -8 = -3*v + 46. Suppose 2 = 4*a + v. Let b = 10 - a. List the prime factors of b.
2, 7
Suppose -5*a = 2*x - 4*x - 27, 0 = 4*a - x - 21. Suppose 22852 = 24*u + a*u. What are the prime factors of u?
2, 197
Let k be (-8)/18 + 54739/387. Let p = k - 13. List the prime factors of p.
2
Let p = 35615 - 21061. List the prime factors of p.
2, 19, 383
List the prime factors of (-79)/(7110/1680)*1362/(-4).
2, 7, 227
Let p(n) = 3*n - 2*n - 8 - 2 + 3. Let d be p(-8). List the prime factors of (-452)/d + (70/75)/(-7).
2, 3, 5
Suppose 0 = -2*f + 3*o + 78338 - 5898, 2*f = 2*o + 72448. List the prime factors of f.
2, 7, 647
Suppose -2*a - 522 = -1622. Let t = 797 - a. List the prime factors of t.
13, 19
Suppose 3*o = 5 + 7. Let p be (-2)/(-6) + o/(24/178). Suppose 600 = 6*m - p. List the prime factors of m.
3, 5, 7
Suppose 0 = 5*b - 3*h - 5200, -5*b - 5*h - 158 = -5398. Suppose -132 = -5*i + b. What are the prime factors of i?
5, 47
Suppose -3330 = -4*d - 4*o + 2618, d = -4*o + 1487. Suppose 473 = 14*g - d. List the prime factors of g.
2, 5, 7
Suppose 11*u - 15*u + 5*x = -75832, -4*u - 2*x + 75860 = 0. What are the prime factors of u?
3, 7, 43
Let v(g) = -4*g - 10. Let h(r) = 5*r + 7. Let u be h(-3). Let x be v(u). List the prime factors of (-48)/(-264) + 502/x.
23
Let v(c) = -c**2 - 13*c + 47. Let x be v(-14). Suppose -x*l = 297 - 13464. List the prime factors of l.
3, 7, 19
Let d be 1 - (-5)/10 - (-1)/2. Let n(c) = 2*c**2 + 2*c**d + 23 - 13*c**3 + 4*c**3 - 24. List the prime factors of n(-2).
3, 29
Suppose -194*o = -208*o + 53930 + 8272. List the prime factors of o.
3, 1481
Let j be 1 - (5 + (-1125)/6*-2). Let i = 609 + j. What are the prime factors of i?
2, 5, 23
Suppose 26060 + 23499 = 12*u - 44041. List the prime factors of u.
2, 3, 5, 13
Let y(i) = 2*i**2 + 31*i - 6. Let d be y(-16). Suppose -d*a + 7*a = -117. List the prime factors of a.
3, 13
Suppose 0 = 5*z - 5*k - 147200, 3*k - 9916 = -2*z + 48989. List the prime factors of z.
3, 5, 13, 151
Suppose -6*t - 242 = -8*t. What are the prime factors of 2*6/(-4) + (t - 2)?
2, 29
Suppose 6*j - 8*j = -4*y - 41204, 5*j + 17*y - 103010 = 0. What are the prime factors of j?
2, 10301
Let w(r) = 34*r**2 - 30*r + 3388. What are the prime factors of w(47)?
2, 7, 2753
Suppose -p + 11*p - 12798 = 717642. What are the prime factors of p?
2, 3, 2029
Suppose -15*z + z = 7*z - 195615. What are the prime factors of z?
3, 5, 23
Let h = 49 - 49. Suppose h*p - 35 = -p - 2*s, p - 5*s = 21. Suppose p*u = 30*u + 258. What are the prime factors of u?
2, 3, 43
Suppose 0 = -15*k + 19*k - 296. Let s = k + -82. List the prime factors of 1/(s/(-762)) - (-96)/128.
2, 3
Suppose 0 = 5*x - 3*j - 42, j + 32 = 4*x - j. Let b be (-1 + 9/x)*2. List the prime factors of ((-3)/b)/3*-113.
113
Let z(y) = y**3 - 20*y**2 - 13*y + 7. List the prime factors of z(26).
5, 149
Suppose 0 = 2*i + 2*b - 12466, -3*i + 21490 - 2777 = b. List the prime factors of i.
2, 3, 5, 13
Let q = 76 + -133. Let l be q*(-1)/3 - -1. What are the prime factors of 17/5*l/4?
17
Let r = 352 + -347. Suppose -5*o = -2*o - 9, -4*o = r*l - 22. List the prime factors of l.
2
Let v(k) = 5*k**3 - 2*k**2 + 3*k + 6. Let o be v(4). Let h = 647 - o. List the prime factors of h.
11, 31
Suppose 2*u + 147 + 617 = 0. Let s = -202 - u. Let r = 288 - s. List the prime factors of r.
2, 3
List the prime factors of 5 - -5 - (-2 - 14371).
19, 757
Let l = -425 + 417. List the prime factors of l - 1287/(3 + -12).
3, 5
Let x(c) = -c**2 - c + 34. Let v be x(-6). Suppose 5*i = 5*r + 145, v*i = 8*r - 5*r + 112. Suppose 42*h - 47*h + i = 0. List the prime factors of h.
5
Suppose -m + 15*m = 84. Let t = -18 + m. List the prime factors of 49 + t/(-4 + 1).
53
What are the prime factors of (8 + -3 + -2)*23395?
3, 5, 4679
Suppose 56*k = 13*k + 2*k + 650014. List the prime factors of k.
2, 7927
Let n(d) = -d**3 - 6*d**2 - 10. Suppose -l + 2*k = 4*l + 156, -5*l - 4*k - 168 = 0. Let y be (-6)/(-1)*l/24. What are the prime factors of n(y)?
2, 59
Let t(n) be the second derivative of -23*n**3/3 - 7*n**2 + 21*n. List the prime factors of t(-10).
2, 223
Let i(u) = 17*u + 49. Let c be i(7). Let v = 240 + 25. Let x = v - c. List the prime factors of x.
97
Suppose -4*z + 91 = -705. Suppose -4*f - 158 - 326 = -2*q, -5*f = 4*q + 631. Let i = z + f. What are the prime factors of i?
2, 19
Suppose -13*r - 18*r = 62. What are the prime factors of (17508/(-10))/r + 136/(-340)?
5, 7
Suppose -x + 5*t - 11 = 0, 4*x - 5*t = -2*t + 24. What are the prime factors of -5 + x - (-1314 + 5)?
13, 101
Suppose 34*k + 99 = -173. List the prime factors of 4/6 + 4508*k/(-48).
2, 47
Let x = 5742 - 300. List the prime factors of x.
2, 3, 907
Let r be 222*(-2)/(-6)*-20. Let g = -452 - r. List the prime factors of g.
2, 257
Let i = 321 + 1228. Let t = i - 907. List the prime factors of t.
2, 3, 107
Let n be (-16)/(-152) - (-4140)/19. Let l = n - -658. What are the prime factors of l?
2, 3, 73
Suppose 5*z = -8*r + 11*r - 29, -5*z - r = 17. List the prime factors of (12/z - 1) + 672.
2, 167
List the prime factors of (1044/60 - 17) + (718509/15 - 1).
2, 5, 479
Suppose 2*s - 16 = 4*n, n + 4*n - 15 = -s. Let h(z) = z**3 - 5*z**2 - 10*z + 9. List the prime factors of h(s).
409
Let o(u) = 33*u**2 + 14*u + 636. What are the prime factors of o(-20)?
2, 3389
Let s(n) = 27*n**2 + 14*n + 112. What are the prime factors of s(-28)?
2, 7, 373
Let x(t) = -4*t**3 + 12*t**2 - 21*t + 46. List the prime factors of x(-13).
5, 17, 131
Suppose -37*d - 81 + 488 = 0. Let y(a) = -a**3 + 13*a**2 + 7*a + 37. What are the prime factors of y(d)?
2, 89
Let g(d) = 25*d - 26*d + 165 - 185 + 48*d**2. List the prime factors of g(-4).
2, 47
What are the prime factors of 3026/119 - 26 - (-271534)/7?
2, 3, 5, 431
Let k = 742 + -845. Suppose -2*y - 2*q - 364 = -4*q, -5*y + 4*q - 913 = 0. Let n = k - y. List the prime factors of n.
2, 41
Let r = -92 + 131. Suppose -r*z + 45*z - 222 = 0. What are the prime factors of z?
37
Let r(u) = 107*u + 14. Let l be ((-2)/6)/(1 - 30/27). What are the prime factors of r(l)?
5, 67
Suppose 15141 - 4627 = -3*j + 5*j. List the prime factors of j.
7, 751
Let m = -711 - -1036. Suppose -3*s + q = -m, 0*s + 4*s = -4*q + 460. List the prime factors of s.
2, 5, 11
Suppose 6 - 6 = 5*g. Suppose -4*z = t - 100, g*z - 5*z + t = -116. Let k = z + 60. What are the prime factors of k?
2, 3, 7
Let f(k) = 8*k - 85. Let r be f(6). List the prime factors of (r/(-5) + -5)*(-585)/(-6).
2, 3, 13
L